{"id":1354,"date":"2025-10-08T11:49:22","date_gmt":"2025-10-08T16:49:22","guid":{"rendered":"https:\/\/calinegocios.co\/?post_type=product&#038;p=1354"},"modified":"2025-11-23T10:57:08","modified_gmt":"2025-11-23T15:57:08","slug":"iphone-15-128gb","status":"publish","type":"product","link":"https:\/\/calinegocios.co\/?product=iphone-15-128gb","title":{"rendered":"iPhone 15 128Gb"},"content":{"rendered":"<div style=\"font-size: 14px; line-height: 1.5; display: grid; grid-template-columns: 1fr 1fr; grid-auto-rows: auto; gap: 6px 20px; max-width: 550px; margin-bottom: 10px;\">\n<div style=\"grid-column: span 2;\"><strong>Estado:<\/strong> <span style=\"color: green;\">Nuevo<\/span><\/div>\n<div><strong>CPU:<\/strong> Apple A16 Bionic hexa-core 3.46GHz<\/div>\n<div><strong>GPU:<\/strong> Apple (5 n\u00facleos)<\/div>\n<div><strong>RAM:<\/strong> No especificado<\/div>\n<div><strong>Almacenamiento:<\/strong> 128 \/ 256 \/ 512 GB interno<\/div>\n<div><strong>Tipo de Red:<\/strong> 5G (SA\/NSA\/Sub6) \/ Wi-Fi 802.11ax<\/div>\n<div><strong>Memoria Expandible:<\/strong> No<\/div>\n<div><strong>Tipo SimCard:<\/strong> nano-SIM \/ eSIM o dual nano-SIM \/ eSIM<\/div>\n<div><strong>Pantalla Tama\u00f1o:<\/strong> 6.1 pulgadas Super Retina XDR OLED<\/div>\n<div><strong>Pantalla Resoluci\u00f3n:<\/strong> 1179 x 2556 p\u00edxeles (460 ppi)<\/div>\n<div><strong>Bater\u00eda:<\/strong> Li-Ion (capacidad no especificada)<\/div>\n<div><strong>C\u00e1mara Trasera:<\/strong> Dual 48 MP (wide) + 12 MP (ultrawide)<\/div>\n<div><strong>C\u00e1mara Frontal:<\/strong> 12 MP f\/1.9 (PDAF)<\/div>\n<div><strong>AnTuTu:<\/strong> No Disponible<\/div>\n<div><strong>DxOMark:<\/strong> No Disponible<\/div>\n<div><strong>Cargador:<\/strong> USB Type-C 2.0 (compatible con carga r\u00e1pida e inal\u00e1mbrica 15W MagSafe \/ 7.5W Qi)<\/div>\n<div style=\"grid-column: span 2;\"><strong>Conexi\u00f3n:<\/strong> USB Type-C 2.0; Bluetooth 5.3; NFC<\/div>\n<div style=\"grid-column: span 2; display: flex; align-items: center; gap: 6px; margin-top: 8px;\"><strong style=\"color: black;\">Garant\u00eda:<\/strong><br \/>\n<span style=\"color: #005ae1;\">1 A\u00f1o<\/span><\/div>\n<\/div>\n<div style=\"font-size: 14px; line-height: 1.6; margin-top: 12px; max-width: 550px;\"><strong>Caracter\u00edsticas destacadas:<\/strong><br \/>\n\u2022 Chip A16 Bionic y sistema operativo iOS 17.<br \/>\n\u2022 Pantalla Super Retina XDR OLED de 6.1&#8243; con protecci\u00f3n Gorilla Ceramic Shield, HDR10 y Dolby Vision.<br \/>\n\u2022 Sistema de c\u00e1mara principal Dual (48 MP wide + 12 MP ultrawide) con grabaci\u00f3n de video 4K y Dolby Vision HDR.<br \/>\n\u2022 Conectividad 5G y Wi-Fi 6E (802.11ax).<br \/>\n\u2022 Desbloqueo facial (Face ID) y certificaci\u00f3n IP68 de resistencia al agua y polvo.<br \/>\n\u2022 Compatibilidad con carga r\u00e1pida y carga inal\u00e1mbrica MagSafe (15 W).<br \/>\n\u2022 Funciones extra como Mensajer\u00eda SOS v\u00eda sat\u00e9lite y Apple Pay.<br \/>\n\u2022 Puerto de conexi\u00f3n USB Type-C 2.0.<\/div>\n","protected":false},"excerpt":{"rendered":"<div style=\"font-size: 10px; line-height: 1.5; display: grid; grid-template-columns: 1fr 1fr; grid-auto-rows: auto; gap: 6px 20px; max-width: 550px; margin-bottom: 10px;\">\n<div style=\"grid-column: span 2;\"><strong>Estado:<\/strong> <span style=\"color: green;\">Nuevo<\/span><\/div>\n<div><strong>CPU:<\/strong> Apple A16 Bionic hexa-core 3.46GHz<\/div>\n<div><strong>GPU:<\/strong> Apple (5 n\u00facleos)<\/div>\n<div><strong>RAM:<\/strong> No especificado<\/div>\n<div><strong>Almacenamiento:<\/strong> 128 \/ 256 \/ 512 GB interno<\/div>\n<div><strong>Tipo de Red:<\/strong> 5G (SA\/NSA\/Sub6) \/ Wi-Fi 802.11ax<\/div>\n<div><strong>Memoria Expandible:<\/strong> No<\/div>\n<div><strong>Tipo SimCard:<\/strong> nano-SIM \/ eSIM o dual nano-SIM \/ eSIM<\/div>\n<div><strong>Pantalla Tama\u00f1o:<\/strong> 6.1 pulgadas Super Retina XDR OLED<\/div>\n<div><strong>Pantalla Resoluci\u00f3n:<\/strong> 1179 x 2556 p\u00edxeles (460 ppi)<\/div>\n<div><strong>Bater\u00eda:<\/strong> Li-Ion (capacidad no especificada)<\/div>\n<div><strong>C\u00e1mara Trasera:<\/strong> Dual 48 MP (wide) + 12 MP (ultrawide)<\/div>\n<div><strong>C\u00e1mara Frontal:<\/strong> 12 MP f\/1.9 (PDAF)<\/div>\n<div><strong>AnTuTu:<\/strong> No Disponible<\/div>\n<div><strong>DxOMark:<\/strong> No Disponible<\/div>\n<div><strong>Cargador:<\/strong> USB Type-C 2.0 (compatible con carga r\u00e1pida e inal\u00e1mbrica 15W MagSafe \/ 7.5W Qi)<\/div>\n<div style=\"grid-column: span 2;\"><strong>Conexi\u00f3n:<\/strong> USB Type-C 2.0; Bluetooth 5.3; NFC<\/div>\n<div style=\"grid-column: span 2; display: flex; align-items: center; gap: 6px; margin-top: 8px;\"><strong style=\"color: black;\">Garant\u00eda:<\/strong><br \/>\n<span style=\"color: #005ae1;\">1 A\u00f1o<\/span><\/div>\n<\/div>\n","protected":false},"featured_media":1357,"comment_status":"open","ping_status":"closed","template":"","meta":[],"product_brand":[44],"product_cat":[43],"product_tag":[],"class_list":{"0":"post-1354","1":"product","2":"type-product","3":"status-publish","4":"has-post-thumbnail","6":"product_brand-apple","7":"product_cat-celulares","9":"first","10":"instock","11":"sale","12":"shipping-taxable","13":"purchasable","14":"product-type-simple"},"_links":{"self":[{"href":"https:\/\/calinegocios.co\/index.php?rest_route=\/wp\/v2\/product\/1354","targetHints":{"allow":["GET"]}}],"collection":[{"href":"https:\/\/calinegocios.co\/index.php?rest_route=\/wp\/v2\/product"}],"about":[{"href":"https:\/\/calinegocios.co\/index.php?rest_route=\/wp\/v2\/types\/product"}],"replies":[{"embeddable":true,"href":"https:\/\/calinegocios.co\/index.php?rest_route=%2Fwp%2Fv2%2Fcomments&post=1354"}],"wp:featuredmedia":[{"embeddable":true,"href":"https:\/\/calinegocios.co\/index.php?rest_route=\/wp\/v2\/media\/1357"}],"wp:attachment":[{"href":"https:\/\/calinegocios.co\/index.php?rest_route=%2Fwp%2Fv2%2Fmedia&parent=1354"}],"wp:term":[{"taxonomy":"product_brand","embeddable":true,"href":"https:\/\/calinegocios.co\/index.php?rest_route=%2Fwp%2Fv2%2Fproduct_brand&post=1354"},{"taxonomy":"product_cat","embeddable":true,"href":"https:\/\/calinegocios.co\/index.php?rest_route=%2Fwp%2Fv2%2Fproduct_cat&post=1354"},{"taxonomy":"product_tag","embeddable":true,"href":"https:\/\/calinegocios.co\/index.php?rest_route=%2Fwp%2Fv2%2Fproduct_tag&post=1354"}],"curies":[{"name":"wp","href":"https:\/\/api.w.org\/{rel}","templated":true}]}}